et q(u) = -u**2 + 13*u + 48. Determine q(15).
18
Let l(d) = -6*d**2 + 62*d - 3. Determine l(10).
17
Let s(c) = c**2 + 21*c + 86. Give s(-15).
-4
Let i(g) = -g - 2. Determine i(7).
-9
Let r(l) = 2*l + 39. Calculate r(-16).
7
Let c(s) = -29*s**3 + s**2 + s + 1. Give c(-1).
30
Let m(x) = -x**2 + 2*x - 1. What is m(2)?
-1
Let q(t) = -t**2 - 3*t - 9. What is q(10)?
-139
Let b(h) = -13*h + 8. Calculate b(6).
-70
Let t(u) = u**3 - 20*u**2 + 34*u + 26. Calculate t(18).
-10
Let q(h) = -5*h**2 + 2*h - 1. What is q(2)?
-17
Let c(j) = -j**2 + 7*j + 22. Calculate c(8).
14
Let a(b) = -b**2 - 30*b - 14. Determine a(-29).
15
Let h(c) = c**3 - 6*c**2 - 3*c + 4. Calculate h(6).
-14
Let g(d) = 6*d + 2. Determine g(4).
26
Let r(z) = -2*z**2 - 13*z - 14. Calculate r(-6).
-8
Let k(b) = -b**3 + 6*b**2 + b - 9. Calculate k(4).
27
Let f(m) = 6*m + 8. Calculate f(-6).
-28
Let p(i) = -6*i + 12. Give p(3).
-6
Let f(o) = -o**2 + 26*o + 54. Give f(27).
27
Let m(p) = -p + 1. Determine m(-3).
4
Let j(t) = -t - 12. Determine j(0).
-12
Let q(u) = 2*u**3 - u**2 - u + 2. Give q(1).
2
Let x(d) = d**3 + 23*d**2 - 50*d + 40. Calculate x(-25).
40
Let m(c) = -7*c + 112. What is m(16)?
0
Let g(x) = -x**2 - 8*x + 6. Give g(-9).
-3
Let z(a) = -a**3 - 6*a**2 - 10*a - 2. Calculate z(-4).
6
Let g(p) = p**2 - 32*p + 136. Determine g(24).
-56
Let f(h) = 3*h - 11. Give f(6).
7
Let c(n) = -n**3 + 4*n**2 + 2*n - 2. Calculate c(4).
6
Let l(w) = w + 4. What is l(-4)?
0
Let u(o) = 7*o + 8. Calculate u(-3).
-13
Let b(c) = 3*c + 36. Give b(-13).
-3
Let y(c) = 7*c + 9. What is y(4)?
37
Let j(d) = d**2 - 14*d - 57. Give j(14).
-57
Let n(q) = 205*q - 617. What is n(3)?
-2
Let o(v) = -v**3 + 15*v**2 - 15*v + 31. Determine o(14).
17
Let n(f) = f**2 - 3*f + 28. Determine n(0).
28
Let w(m) = m**3 + 3*m**2 - 3*m - 7. What is w(-3)?
2
Let d(p) = -p - 1. What is d(-9)?
8
Let u(k) = k**2 + 11*k - 3. Calculate u(-8).
-27
Let j(c) = 18*c + 3. Give j(0).
3
Let p(g) = -g**3 - 4*g**2 + 5*g + 5. What is p(-4)?
-15
Let h(o) = 36*o - 1. Calculate h(1).
35
Let f(w) = w**2 + 13*w - 30. Calculate f(-15).
0
Let t(l) = l**2 + 15*l - 36. Calculate t(-18).
18
Let b(o) = 14*o + 4. Give b(-4).
-52
Let j(v) = -4*v**3 + 9*v - 10. Determine j(1).
-5
Let n(l) = 2*l**3 - 17*l**2 - 17*l + 24. Calculate n(9).
-48
Let t(z) = 6*z + 37. Determine t(-6).
1
Let i(o) = -3*o - 5. Give i(-6).
13
Let l(i) = -2*i + 8. Give l(6).
-4
Let j(a) = a**3 - 3*a**2 + 9*a - 9. Calculate j(2).
5
Let f(s) = -2*s**2 - 8*s - 3. Give f(-6).
-27
Let l(d) = 2*d + 26. Give l(8).
42
Let o(m) = -m**2 - m + 2. Calculate o(-6).
-28
Let l(s) = 2*s - 38. What is l(16)?
-6
Let r(l) = 2*l**2 + 128*l + 7. Calculate r(-64).
7
Let h(t) = t**2 - t - 3. What is h(0)?
-3
Let d(o) = o**3 + 6*o**2 - o - 3. Determine d(-8).
-123
Let p(n) = n**2 + 6*n + 11. What is p(-8)?
27
Let h(z) = 61*z**2 + z - 1. Give h(1).
61
Let n(l) = -l**3 - 12*l**2 - 14*l + 4. Calculate n(-6).
-128
Let z(d) = d**2 - 2*d + 1. Give z(3).
4
Let a(j) = j**3 + 7*j**2 - 9*j - 24. Calculate a(-7).
39
Let i(t) = -t**2 - 13*t - 48. What is i(-8)?
-8
Let a(y) = -6*y + 12. Calculate a(3).
-6
Let k(l) = l + 6. Determine k(-6).
0
Let m(r) = -3*r**2 - 43*r - 7. Calculate m(-14).
7
Let r(p) = 2*p**2 - 38*p + 183. Determine r(11).
7
Let w(t) = t**2 - 2*t - 24. Give w(-5).
11
Let g(x) = -2*x**2 - x + 7. What is g(-4)?
-21
Let p(b) = 2*b**3 + 13*b**2 + 9*b + 15. Give p(-6).
-3
Let t(w) = -11*w**2 - 2*w - 4. Calculate t(3).
-109
Let c(p) = -6*p**2 - 27*p + 4. Calculate c(-6).
-50
Let a(c) = -c. Calculate a(-10).
10
Let v(t) = t**3 + 7*t**2 - 8*t - 4. What is v(-8)?
-4
Let z(l) = l**3 + 6*l**2 + l + 14. Give z(-6).
8
Let f(z) = z**3 + 11*z**2 - 2*z - 17. Calculate f(-11).
5
Let i(s) = -s**3 - 5*s**2 - 3. Calculate i(-4).
-19
Let c(y) = 17*y + 7. Calculate c(1).
24
Let c(f) = -f**2 - 134*f - 15. Determine c(0).
-15
Let x(j) = j + 18. Determine x(-5).
13
Let q(g) = 50*g - 291. Give q(6).
9
Let m(o) = -o**3 + 6*o**2 - 6*o - 2. Determine m(5).
-7
Let t(o) = o**2 - 14*o - 7. What is t(10)?
-47
Let f(c) = -14*c**2 - 6*c - 3. Determine f(-1).
-11
Let i(v) = -v**2 - 9*v - 7. Give i(-6).
11
Let t(l) = l**2 - l - 3. What is t(-2)?
3
Let q(v) = -9*v**2 + 4*v + 24. Calculate q(4).
-104
Let q(w) = -w**2 - 7*w + 14. Calculate q(-11).
-30
Let q(l) = 20*l**2 + 11*l - 1. Give q(-1).
8
Let l(y) = y**3 + 12*y**2 - 3*y - 21. Determine l(-12).
15
Let s(t) = -28*t**2 + 3*t - 1. Calculate s(2).
-107
Let s(n) = n**2 + 6*n + 8. Give s(-4).
0
Let m(n) = -n**3 - 5*n**2 - 9*n - 10. Determine m(-5).
35
Let g(x) = -2*x + 18. Determine g(8).
2
Let k(z) = 2*z**2 + 29*z - 99. What is k(3)?
6
Let k(g) = -10*g**2 + 4*g + 1. Calculate k(3).
-77
Let v(b) = b**3 - 9*b**2 - 16*b + 6. What is v(9)?
-138
Let f(k) = k**3 + 5*k**2 + 3*k + 6. Determine f(-5).
-9
Let v(r) = -7*r + 1. What is v(-12)?
85
Let z(m) = -4*m - 37. Give z(-4).
-21
Let l(s) = -s**2 + 32*s + 156. Calculate l(36).
12
Let t(m) = -3*m + 11. Give t(14).
-31
Let m(w) = -2*w - 12. Calculate m(-7).
2
Let u(c) = 7*c - 6. What is u(5)?
29
Let l(t) = t**3 + 10*t**2 - 12*t - 11. What is l(-11)?
0
Let z(l) = -l**3 - l**2 + 9*l + 4. Determine z(3).
-5
Let f(v) = -4*v - 7. Determine f(-5).
13
Let t(f) = -112*f - 669. Determine t(-6).
3
Let j(z) = -z**3 - 5*z**2 + 20*z + 17. What is j(-8)?
49
Let x(o) = -9*o**2 - 6*o + 7. Determine x(1).
-8
Let p(u) = u**2 + 15*u + 4. Give p(-17).
38
Let i(r) = r - 4. What is i(6)?
2
Let b(d) = d**2 - 9*d - 21. Calculate b(11).
1
Let m(p) = -2*p**2 - p - 1. Give m(0).
-1
Let q(d) = 6*d - 209. Determine q(35).
1
Let l(j) = -j**2 - 8*j + 61. Determine l(0).
61
Let p(k) = -5*k + 1. Give p(1).
-4
Let c(h) = -h**2 + 20*h - 103. Give c(11).
-4
Let t(h) = -h**3 + 15*h**2 - 15*h + 21. Give t(14).
7
Let b(z) = -z**3 - 16*z**2 + 22*z + 5. Calculate b(-17).
-80
Let l(c) = 7*c + 105. Calculate l(-16).
-7
Let i(q) = -q**2 + q - 7. Determine i(5).
-27
Let u(v) = -v**3 + 18*v**2 - 15*v + 10. Give u(17).
44
Let a(v) = v**3 + 7*v**2 + 9*v + 5. Calculate a(-6).
-13
Let q(i) = i**2 - 7*i - 3. What is q(7)?
-3
Let u(o) = -o - 15. Calculate u(-14).
-1
Let a(d) = d**3 + 5*d**2 - 7*d + 4. Give a(-6).
10
Let q(z) = -3*z + 4. What is q(-4)?
16
Let s(j) = 30*j - 237. Calculate s(8).
3
Let c(t) = -7*t + 338. Give c(48).
2
Let a(i) = 34*i - 3. Give a(-2).
-71
Let g(p) = -p**2 - 5. Give g(2).
-9
Let u(l) = 2*l**2 - 77*l - 129. Calculate u(40).
-9
Let d(j) = j**2 - 9*j - 17. What is d(10)?
-7
Let t(d) = 2*d**3 + 6*d**2 + 7*d + 1. What is t(-2)?
-5
Let b(y) = -y**3 - 14*y**2 - 14*y - 14. Calculate b(-13).
-1
Let q(i) = -i - 21. What is q(-14)?
-7
Let f(m) = -m**3 - 9*m**2 - 10*m - 10. Give f(-8).
6
Let i(u) = -u**3 - 3*u**2 + 7*u + 4. Determine i(-5).
19
Let p(q) = q**3 + 10*q**2 - 11*q - 8. Determine p(-11).
-8
Let o(s) = 11*s + 90. Calculate o(-8).
2
Let z(o) = -11*o - 6. Give z(7).
-83
Let q(r) = 2*r**2 - 5*r - 4. Calculate q(-4).
48
Let w(l) = -l**3 + 3*l**2 - 3*l + 2. What is w(2)?
0
Let c(m) = -m**2 - 2*m + 5. Calculate c(-4).
-3
Let n(t) = t - 9. Calculate n(8).
-1
Let y(k) = 2*k - 66. What is y(29)?
-8
Let n(q) = -3*q**2 + 19*q + 15. Determine n(6).
21
Let j(m) = 3*m**2 - 2*m - 22. Give j(3).
-1
Let o(z) = z**2 + 12*z + 5. Calculate o(-11).
-6
Let g(b) = -b**3 - b**2 - b - 5. What is g(0)?
-5
Let r(p) = p**2 - 45*p - 427. Calculate r(-8).
-3
Let f(v) = v**3 - 3*v**2 - 1. Calculate f(2).
-5
Let d(n) = -30*n + 174. Give d(6).
-6
Let k(i) = i**3 - 7*i**2 - 2. Calculate k(7).
-2
Let f(u) = -u**2 - 2*u + 6. Calculate f(-4).
-2
Let d(p) = 126*p - 3. Calculate d(1).
123
Let v(t) = -t - 22. Give v(-10).
-12
Let t(b) = b - 13. What is t(-9)?
-22
Let j(l) = -2*l**2 + 14*l + 16. Give j(8).
0
Let f(r) = 4*r - 13. Determine f(0).
-13
Let g(q) = 16*q - 109. Give g(6).
-13
Let q(u) = u**3 + 20*u**2 + 35*u - 1. Determine q(-18).
17
Let v(o) = -2*o**2 + 17*o - 11. Determine v(9).
-20
Let z(l) = 4*l**2 + 3*l - 29. What is z(6)?
133
Let l(p) = 29*p - 83. Determine l(3).
4
Let j(w) = -4*w**2 - 3*w - 2. Determine j(-2).
-12
Let j(l) = 7*l - 3. Calculate j(2).
11
Let w(s) = -5*s**3 - 5*s**2 + 2*s + 1. What is w(1)?
-7
Let u(p) = -p**3 - 6*p**2 + 10*p + 25. Calculate u(-8).
73
Let t(a) = 60*a + 409. What is t(-7)?
-11
Let a(d) = 11*d + 282. What is a(-26)?
-4
Let g(z) = -z**3 + 9*z**2 - 6. What is g(9)?
-6
Let b(